{"id":1711,"date":"2026-01-24T18:01:12","date_gmt":"2026-01-24T17:01:12","guid":{"rendered":"https:\/\/www.fischereiverein-bad-saeckingen.de\/index\/?page_id=1711"},"modified":"2026-01-27T20:31:29","modified_gmt":"2026-01-27T19:31:29","slug":"praxistage","status":"publish","type":"page","link":"https:\/\/www.fischereiverein-bad-saeckingen.de\/index\/willkommen\/praxistage","title":{"rendered":"Praxistage f\u00fcr den Fischereischein"},"content":{"rendered":"\t\t<div data-elementor-type=\"wp-page\" data-elementor-id=\"1711\" class=\"elementor elementor-1711\">\n\t\t\t\t\t\t<section class=\"elementor-section elementor-top-section elementor-element elementor-element-u7bxuga elementor-section-content-middle elementor-section-boxed elementor-section-height-default elementor-section-height-default\" data-id=\"u7bxuga\" data-element_type=\"section\" data-settings=\"{&quot;background_background&quot;:&quot;classic&quot;}\">\n\t\t\t\t\t\t<div class=\"elementor-container elementor-column-gap-no\">\n\t\t\t\t\t<div class=\"elementor-column elementor-col-100 elementor-top-column elementor-element elementor-element-36221e7\" data-id=\"36221e7\" data-element_type=\"column\">\n\t\t\t<div class=\"elementor-widget-wrap elementor-element-populated\">\n\t\t\t\t\t\t<div class=\"elementor-element elementor-element-1473ad1 elementor-widget elementor-widget-heading\" data-id=\"1473ad1\" data-element_type=\"widget\" data-widget_type=\"heading.default\">\n\t\t\t\t\t<h4 class=\"elementor-heading-title elementor-size-default\">Praxisnah angeln lernen \u2013 direkt am Wasser.\nDer Praxistag&nbsp; \u00fcber \u201eFishing-King\u201c findet jedes Jahr beim\nFischereiverein Bad S\u00e4ckingen e. V. statt und bietet die ideale Gelegenheit,\ndas Angeln verst\u00e4ndlich, praxisnah und direkt am Gew\u00e4sser zu erleben.<\/h4>\t\t\t\t<\/div>\n\t\t\t\t<div class=\"elementor-element elementor-element-569d22e elementor-widget-divider--view-line elementor-widget elementor-widget-divider\" data-id=\"569d22e\" data-element_type=\"widget\" data-widget_type=\"divider.default\">\n\t\t\t\t\t\t\t<div class=\"elementor-divider\">\n\t\t\t<span class=\"elementor-divider-separator\">\n\t\t\t\t\t\t<\/span>\n\t\t<\/div>\n\t\t\t\t\t\t<\/div>\n\t\t\t\t<div class=\"elementor-element elementor-element-edc9f44 elementor-widget elementor-widget-heading\" data-id=\"edc9f44\" data-element_type=\"widget\" data-widget_type=\"heading.default\">\n\t\t\t\t\t<h2 class=\"elementor-heading-title elementor-size-default\">\ud83c\udf3fWas dich erwartet<\/h2>\t\t\t\t<\/div>\n\t\t\t\t<section class=\"elementor-section elementor-inner-section elementor-element elementor-element-179ddc8 elementor-section-boxed elementor-section-height-default elementor-section-height-default\" data-id=\"179ddc8\" data-element_type=\"section\">\n\t\t\t\t\t\t<div class=\"elementor-container elementor-column-gap-no\">\n\t\t\t\t\t<div class=\"elementor-column elementor-col-100 elementor-inner-column elementor-element elementor-element-f332be5\" data-id=\"f332be5\" data-element_type=\"column\">\n\t\t\t<div class=\"elementor-widget-wrap elementor-element-populated\">\n\t\t\t\t\t\t<div class=\"elementor-element elementor-element-df8503b elementor-widget elementor-widget-text-editor\" data-id=\"df8503b\" data-element_type=\"widget\" data-widget_type=\"text-editor.default\">\n\t\t\t\t\t\t\t\t\t<p data-start=\"722\" data-end=\"745\">\u00a0In entspannter Atmosph\u00e4re vermitteln <strong data-start=\"783\" data-end=\"825\">erfahrene Ausbilderinnen und Ausbilder<\/strong> die Grundlagen des Angelns \u2013 Schritt f\u00fcr Schritt und zum Mitmachen:<\/p><ul data-start=\"895\" data-end=\"1073\"><li data-start=\"895\" data-end=\"933\"><p data-start=\"897\" data-end=\"933\">\ud83c\udfa3 richtige Montage von Angelger\u00e4t<\/p><\/li><li data-start=\"934\" data-end=\"973\"><p data-start=\"936\" data-end=\"973\">\ud83c\udfaf sicheres und korrektes Auswerfen<\/p><\/li><li data-start=\"974\" data-end=\"1015\"><p data-start=\"976\" data-end=\"1015\">\ud83d\udc1f waidgerechte Versorgung der Fische<\/p><\/li><li data-start=\"1016\" data-end=\"1073\"><p data-start=\"1018\" data-end=\"1073\">\ud83c\udf31 verantwortungsvoller Umgang mit Natur und Gew\u00e4sser<\/p><\/li><\/ul><p data-start=\"1075\" data-end=\"1119\">\ud83d\udc49 Theorie wird hier <strong data-start=\"1096\" data-end=\"1118\">praktisch erlebbar<\/strong>.<\/p>\t\t\t\t\t\t\t\t<\/div>\n\t\t\t\t\t<\/div>\n\t\t<\/div>\n\t\t\t\t\t<\/div>\n\t\t<\/section>\n\t\t\t\t<div class=\"elementor-element elementor-element-abd859c elementor-widget-divider--view-line elementor-widget elementor-widget-divider\" data-id=\"abd859c\" data-element_type=\"widget\" data-widget_type=\"divider.default\">\n\t\t\t\t\t\t\t<div class=\"elementor-divider\">\n\t\t\t<span class=\"elementor-divider-separator\">\n\t\t\t\t\t\t<\/span>\n\t\t<\/div>\n\t\t\t\t\t\t<\/div>\n\t\t\t\t<section class=\"elementor-section elementor-inner-section elementor-element elementor-element-f23bf7c elementor-section-boxed elementor-section-height-default elementor-section-height-default\" data-id=\"f23bf7c\" data-element_type=\"section\">\n\t\t\t\t\t\t<div class=\"elementor-container elementor-column-gap-no\">\n\t\t\t\t\t<div class=\"elementor-column elementor-col-100 elementor-inner-column elementor-element elementor-element-3c08cc8\" data-id=\"3c08cc8\" data-element_type=\"column\">\n\t\t\t<div class=\"elementor-widget-wrap elementor-element-populated\">\n\t\t\t\t\t\t<div class=\"elementor-element elementor-element-e0c2d65 elementor-widget elementor-widget-heading\" data-id=\"e0c2d65\" data-element_type=\"widget\" data-widget_type=\"heading.default\">\n\t\t\t\t\t<h3 class=\"elementor-heading-title elementor-size-medium\">\u267b\ufe0f Verantwortung &amp; Nachhaltigkeit<\/h3>\t\t\t\t<\/div>\n\t\t\t\t<div class=\"elementor-element elementor-element-d26fce1 elementor-widget elementor-widget-text-editor\" data-id=\"d26fce1\" data-element_type=\"widget\" data-widget_type=\"text-editor.default\">\n\t\t\t\t\t\t\t\t\t<p data-start=\"1163\" data-end=\"1198\">Der Praxistag legt gro\u00dfen Wert auf:<\/p><ul data-start=\"1199\" data-end=\"1284\"><li data-start=\"1199\" data-end=\"1217\"><p data-start=\"1201\" data-end=\"1217\">Nachhaltigkeit<\/p><\/li><li data-start=\"1218\" data-end=\"1238\"><p data-start=\"1220\" data-end=\"1238\">Naturbewusstsein<\/p><\/li><li data-start=\"1239\" data-end=\"1284\"><p data-start=\"1241\" data-end=\"1284\">respektvollen Umgang mit Fisch und Umwelt<\/p><\/li><\/ul><blockquote><p data-start=\"1286\" data-end=\"1398\"><span style=\"color: #ffffff;\">Angeln verstehen wir nicht als reines Hobby, <\/span><\/p><p data-start=\"1286\" data-end=\"1398\"><span style=\"color: #ffffff;\">sondern als <strong data-start=\"1343\" data-end=\"1397\">verantwortungsvolle Nutzung <\/strong><\/span><\/p><p data-start=\"1286\" data-end=\"1398\"><span style=\"color: #ffffff;\"><strong data-start=\"1343\" data-end=\"1397\">nat\u00fcrlicher Ressourcen<\/strong>.<\/span><\/p><\/blockquote>\t\t\t\t\t\t\t\t<\/div>\n\t\t\t\t\t<\/div>\n\t\t<\/div>\n\t\t\t\t\t<\/div>\n\t\t<\/section>\n\t\t\t\t<div class=\"elementor-element elementor-element-baaada9 elementor-widget-divider--view-line elementor-widget elementor-widget-divider\" data-id=\"baaada9\" data-element_type=\"widget\" data-widget_type=\"divider.default\">\n\t\t\t\t\t\t\t<div class=\"elementor-divider\">\n\t\t\t<span class=\"elementor-divider-separator\">\n\t\t\t\t\t\t<\/span>\n\t\t<\/div>\n\t\t\t\t\t\t<\/div>\n\t\t\t\t<div class=\"elementor-element elementor-element-b0062d8 elementor-widget-divider--view-line elementor-widget elementor-widget-divider\" data-id=\"b0062d8\" data-element_type=\"widget\" data-widget_type=\"divider.default\">\n\t\t\t\t\t\t\t<div class=\"elementor-divider\">\n\t\t\t<span class=\"elementor-divider-separator\">\n\t\t\t\t\t\t<\/span>\n\t\t<\/div>\n\t\t\t\t\t\t<\/div>\n\t\t\t\t<section class=\"elementor-section elementor-inner-section elementor-element elementor-element-610378d elementor-section-boxed elementor-section-height-default elementor-section-height-default\" data-id=\"610378d\" data-element_type=\"section\">\n\t\t\t\t\t\t<div class=\"elementor-container elementor-column-gap-no\">\n\t\t\t\t\t<div class=\"elementor-column elementor-col-100 elementor-inner-column elementor-element elementor-element-87eba37\" data-id=\"87eba37\" data-element_type=\"column\">\n\t\t\t<div class=\"elementor-widget-wrap elementor-element-populated\">\n\t\t\t\t\t\t<div class=\"elementor-element elementor-element-7f5f69d elementor-widget elementor-widget-heading\" data-id=\"7f5f69d\" data-element_type=\"widget\" data-widget_type=\"heading.default\">\n\t\t\t\t\t<h3 class=\"elementor-heading-title elementor-size-medium\">\ud83d\udc65 F\u00fcr wen ist der Praxistag geeignet?<\/h3>\t\t\t\t<\/div>\n\t\t\t\t<div class=\"elementor-element elementor-element-a77bfdc elementor-widget elementor-widget-text-editor\" data-id=\"a77bfdc\" data-element_type=\"widget\" data-widget_type=\"text-editor.default\">\n\t\t\t\t\t\t\t\t\t<ul><li data-start=\"1575\" data-end=\"1607\">Einsteigerinnen und Einsteiger<\/li><li data-start=\"1575\" data-end=\"1607\">Natur- und Umweltinteressierte<\/li><li data-start=\"1575\" data-end=\"1607\">alle, die Angeln <strong data-start=\"1662\" data-end=\"1687\">von Grund auf richtig<\/strong> lernen m\u00f6chten<\/li><\/ul>\t\t\t\t\t\t\t\t<\/div>\n\t\t\t\t\t<\/div>\n\t\t<\/div>\n\t\t\t\t\t<\/div>\n\t\t<\/section>\n\t\t\t\t<div class=\"elementor-element elementor-element-6840536 elementor-widget-divider--view-line elementor-widget elementor-widget-divider\" data-id=\"6840536\" data-element_type=\"widget\" data-widget_type=\"divider.default\">\n\t\t\t\t\t\t\t<div class=\"elementor-divider\">\n\t\t\t<span class=\"elementor-divider-separator\">\n\t\t\t\t\t\t<\/span>\n\t\t<\/div>\n\t\t\t\t\t\t<\/div>\n\t\t\t\t<div class=\"elementor-element elementor-element-3c674fe elementor-widget-divider--view-line elementor-widget elementor-widget-divider\" data-id=\"3c674fe\" data-element_type=\"widget\" data-widget_type=\"divider.default\">\n\t\t\t\t\t\t\t<div class=\"elementor-divider\">\n\t\t\t<span class=\"elementor-divider-separator\">\n\t\t\t\t\t\t<\/span>\n\t\t<\/div>\n\t\t\t\t\t\t<\/div>\n\t\t\t\t<section class=\"elementor-section elementor-inner-section elementor-element elementor-element-6620ca9 elementor-section-boxed elementor-section-height-default elementor-section-height-default\" data-id=\"6620ca9\" data-element_type=\"section\">\n\t\t\t\t\t\t<div class=\"elementor-container elementor-column-gap-no\">\n\t\t\t\t\t<div class=\"elementor-column elementor-col-100 elementor-inner-column elementor-element elementor-element-26e3772\" data-id=\"26e3772\" data-element_type=\"column\">\n\t\t\t<div class=\"elementor-widget-wrap elementor-element-populated\">\n\t\t\t\t\t\t<div class=\"elementor-element elementor-element-265db1c elementor-widget elementor-widget-heading\" data-id=\"265db1c\" data-element_type=\"widget\" data-widget_type=\"heading.default\">\n\t\t\t\t\t<h3 class=\"elementor-heading-title elementor-size-medium\">Wichtig f\u00fcr die Fischereipr\u00fcfung<\/h3>\t\t\t\t<\/div>\n\t\t\t\t<div class=\"elementor-element elementor-element-9ebbf1b elementor-widget elementor-widget-text-editor\" data-id=\"9ebbf1b\" data-element_type=\"widget\" data-widget_type=\"text-editor.default\">\n\t\t\t\t\t\t\t\t\t<p>\u2705 Der Praxistag ist <strong data-start=\"1462\" data-end=\"1523\">Voraussetzung f\u00fcr die Fischerpr\u00fcfung in Baden-W\u00fcrttemberg<\/strong>.<\/p>\t\t\t\t\t\t\t\t<\/div>\n\t\t\t\t\t<\/div>\n\t\t<\/div>\n\t\t\t\t\t<\/div>\n\t\t<\/section>\n\t\t\t\t<div class=\"elementor-element elementor-element-962bd1c elementor-widget-divider--view-line elementor-widget elementor-widget-divider\" data-id=\"962bd1c\" data-element_type=\"widget\" data-widget_type=\"divider.default\">\n\t\t\t\t\t\t\t<div class=\"elementor-divider\">\n\t\t\t<span class=\"elementor-divider-separator\">\n\t\t\t\t\t\t<\/span>\n\t\t<\/div>\n\t\t\t\t\t\t<\/div>\n\t\t\t\t<section class=\"elementor-section elementor-inner-section elementor-element elementor-element-683f9d1 elementor-section-boxed elementor-section-height-default elementor-section-height-default\" data-id=\"683f9d1\" data-element_type=\"section\">\n\t\t\t\t\t\t<div class=\"elementor-container elementor-column-gap-no\">\n\t\t\t\t\t<div class=\"elementor-column elementor-col-100 elementor-inner-column elementor-element elementor-element-daa8967\" data-id=\"daa8967\" data-element_type=\"column\">\n\t\t\t<div class=\"elementor-widget-wrap elementor-element-populated\">\n\t\t\t\t\t\t<div class=\"elementor-element elementor-element-18aff34 elementor-widget elementor-widget-heading\" data-id=\"18aff34\" data-element_type=\"widget\" data-widget_type=\"heading.default\">\n\t\t\t\t\t<h3 class=\"elementor-heading-title elementor-size-medium\">Mitmachen, ausprobieren, dazulernen \u2013 direkt bei uns in Bad S\u00e4ckingen.<\/h3>\t\t\t\t<\/div>\n\t\t\t\t<div class=\"elementor-element elementor-element-e80cc34 elementor-widget elementor-widget-text-editor\" data-id=\"e80cc34\" data-element_type=\"widget\" data-widget_type=\"text-editor.default\">\n\t\t\t\t\t\t\t\t\t<p><span style=\"font-size: 1.7em; font-weight: bold;\">Termine f\u00fcr 2026<\/span><\/p><blockquote><h3><span style=\"color: #000000;\">21.03.2026<\/span><br data-start=\"1066\" data-end=\"1069\" \/><span style=\"color: #000000;\">11.04.2026<\/span><br data-start=\"1086\" data-end=\"1089\" \/><span style=\"color: #000000;\">27.06.2026<\/span><br data-start=\"1106\" data-end=\"1109\" \/><span style=\"color: #000000;\">07.11.2026<\/span><\/h3><\/blockquote>\t\t\t\t\t\t\t\t<\/div>\n\t\t\t\t\t<\/div>\n\t\t<\/div>\n\t\t\t\t\t<\/div>\n\t\t<\/section>\n\t\t\t\t\t<\/div>\n\t\t<\/div>\n\t\t\t\t\t<\/div>\n\t\t<\/section>\n\t\t\t\t<\/div>\n\t\t","protected":false},"excerpt":{"rendered":"<p>Praxisnah angeln lernen \u2013 direkt am Wasser. Der Praxistag&nbsp; \u00fcber \u201eFishing-King\u201c findet jedes Jahr beim Fischereiverein Bad S\u00e4ckingen e. V. statt und bietet die ideale Gelegenheit, das Angeln verst\u00e4ndlich, praxisnah und direkt am Gew\u00e4sser zu erleben. &#x1f33f;Was dich erwartet \u00a0In entspannter Atmosph\u00e4re vermitteln erfahrene Ausbilderinnen und Ausbilder die Grundlagen des Angelns \u2013 Schritt f\u00fcr Schritt [&hellip;]<\/p>\n","protected":false},"author":2,"featured_media":0,"parent":200,"menu_order":18,"comment_status":"closed","ping_status":"closed","template":"","meta":{"_surecart_dashboard_logo_width":"180px","_surecart_dashboard_show_logo":true,"_surecart_dashboard_navigation_orders":true,"_surecart_dashboard_navigation_invoices":true,"_surecart_dashboard_navigation_subscriptions":true,"_surecart_dashboard_navigation_downloads":true,"_surecart_dashboard_navigation_billing":true,"_surecart_dashboard_navigation_account":true,"site-sidebar-layout":"no-sidebar","site-content-layout":"page-builder","ast-site-content-layout":"full-width-container","site-content-style":"default","site-sidebar-style":"default","ast-global-header-display":"","ast-banner-title-visibility":"","ast-main-header-display":"","ast-hfb-above-header-display":"","ast-hfb-below-header-display":"","ast-hfb-mobile-header-display":"","site-post-title":"","ast-breadcrumbs-content":"","ast-featured-img":"disabled","footer-sml-layout":"","ast-disable-related-posts":"","theme-transparent-header-meta":"default","adv-header-id-meta":"","stick-header-meta":"","header-above-stick-meta":"","header-main-stick-meta":"","header-below-stick-meta":"","astra-migrate-meta-layouts":"set","ast-page-background-enabled":"default","ast-page-background-meta":{"desktop":{"background-color":"var(--ast-global-color-4)","background-image":"","background-repeat":"repeat","background-position":"center center","background-size":"auto","background-attachment":"scroll","background-type":"","background-media":"","overlay-type":"","overlay-color":"","overlay-opacity":"","overlay-gradient":""},"tablet":{"background-color":"","background-image":"","background-repeat":"repeat","background-position":"center center","background-size":"auto","background-attachment":"scroll","background-type":"","background-media":"","overlay-type":"","overlay-color":"","overlay-opacity":"","overlay-gradient":""},"mobile":{"background-color":"","background-image":"","background-repeat":"repeat","background-position":"center center","background-size":"auto","background-attachment":"scroll","background-type":"","background-media":"","overlay-type":"","overlay-color":"","overlay-opacity":"","overlay-gradient":""}},"ast-content-background-meta":{"desktop":{"background-color":"var(--ast-global-color-5)","background-image":"","background-repeat":"repeat","background-position":"center center","background-size":"auto","background-attachment":"scroll","background-type":"","background-media":"","overlay-type":"","overlay-color":"","overlay-opacity":"","overlay-gradient":""},"tablet":{"background-color":"var(--ast-global-color-5)","background-image":"","background-repeat":"repeat","background-position":"center center","background-size":"auto","background-attachment":"scroll","background-type":"","background-media":"","overlay-type":"","overlay-color":"","overlay-opacity":"","overlay-gradient":""},"mobile":{"background-color":"var(--ast-global-color-5)","background-image":"","background-repeat":"repeat","background-position":"center center","background-size":"auto","background-attachment":"scroll","background-type":"","background-media":"","overlay-type":"","overlay-color":"","overlay-opacity":"","overlay-gradient":""}},"footnotes":""},"class_list":["post-1711","page","type-page","status-publish","hentry"],"_links":{"self":[{"href":"https:\/\/www.fischereiverein-bad-saeckingen.de\/index\/wp-json\/wp\/v2\/pages\/1711","targetHints":{"allow":["GET"]}}],"collection":[{"href":"https:\/\/www.fischereiverein-bad-saeckingen.de\/index\/wp-json\/wp\/v2\/pages"}],"about":[{"href":"https:\/\/www.fischereiverein-bad-saeckingen.de\/index\/wp-json\/wp\/v2\/types\/page"}],"author":[{"embeddable":true,"href":"https:\/\/www.fischereiverein-bad-saeckingen.de\/index\/wp-json\/wp\/v2\/users\/2"}],"replies":[{"embeddable":true,"href":"https:\/\/www.fischereiverein-bad-saeckingen.de\/index\/wp-json\/wp\/v2\/comments?post=1711"}],"version-history":[{"count":27,"href":"https:\/\/www.fischereiverein-bad-saeckingen.de\/index\/wp-json\/wp\/v2\/pages\/1711\/revisions"}],"predecessor-version":[{"id":4975,"href":"https:\/\/www.fischereiverein-bad-saeckingen.de\/index\/wp-json\/wp\/v2\/pages\/1711\/revisions\/4975"}],"up":[{"embeddable":true,"href":"https:\/\/www.fischereiverein-bad-saeckingen.de\/index\/wp-json\/wp\/v2\/pages\/200"}],"wp:attachment":[{"href":"https:\/\/www.fischereiverein-bad-saeckingen.de\/index\/wp-json\/wp\/v2\/media?parent=1711"}],"curies":[{"name":"wp","href":"https:\/\/api.w.org\/{rel}","templated":true}]}}